reds digit of 4220155?
1
What is the hundreds digit of 455334?
3
What is the hundreds digit of 2860303?
3
What is the thousands digit of 2383266?
3
What is the hundreds digit of 61815?
8
What is the thousands digit of 1545923?
5
What is the ten thousands digit of 230306?
3
What is the ten thousands digit of 1011215?
1
What is the tens digit of 235394?
9
What is the tens digit of 3960110?
1
What is the tens digit of 2868050?
5
What is the tens digit of 830594?
9
What is the ten thousands digit of 312737?
1
What is the units digit of 13051400?
0
What is the hundreds digit of 222666?
6
What is the hundred thousands digit of 3952323?
9
What is the hundred thousands digit of 892775?
8
What is the tens digit of 2987468?
6
What is the tens digit of 730507?
0
What is the tens digit of 24182140?
4
What is the hundreds digit of 352168?
1
What is the tens digit of 3231705?
0
What is the tens digit of 387171?
7
What is the ten thousands digit of 873977?
7
What is the millions digit of 13893496?
3
What is the units digit of 298012?
2
What is the hundred thousands digit of 1066391?
0
What is the units digit of 869076?
6
What is the thousands digit of 768879?
8
What is the tens digit of 422912?
1
What is the thousands digit of 4303248?
3
What is the units digit of 130180?
0
What is the hundreds digit of 2463243?
2
What is the hundred thousands digit of 2795902?
7
What is the millions digit of 28562793?
8
What is the units digit of 87539?
9
What is the thousands digit of 59386?
9
What is the thousands digit of 273487?
3
What is the hundred thousands digit of 503429?
5
What is the hundreds digit of 1673137?
1
What is the hundred thousands digit of 3413320?
4
What is the thousands digit of 306894?
6
What is the units digit of 252803?
3
What is the hundreds digit of 120272?
2
What is the hundreds digit of 55207?
2
What is the hundred thousands digit of 2583809?
5
What is the thousands digit of 163626?
3
What is the ten thousands digit of 788240?
8
What is the thousands digit of 180988?
0
What is the hundreds digit of 85364?
3
What is the units digit of 4647935?
5
What is the units digit of 43593?
3
What is the tens digit of 148536?
3
What is the thousands digit of 256771?
6
What is the units digit of 8020?
0
What is the hundreds digit of 802440?
4
What is the hundreds digit of 9653922?
9
What is the hundreds digit of 875939?
9
What is the tens digit of 218083?
8
What is the hundred thousands digit of 3498843?
4
What is the ten thousands digit of 395262?
9
What is the ten thousands digit of 221736?
2
What is the thousands digit of 70584?
0
What is the hundreds digit of 106384?
3
What is the hundreds digit of 393421?
4
What is the ten thousands digit of 3493451?
9
What is the thousands digit of 12522058?
2
What is the tens digit of 403288?
8
What is the hundreds digit of 8096121?
1
What is the units digit of 145794?
4
What is the tens digit of 9645789?
8
What is the tens digit of 842131?
3
What is the units digit of 162633?
3
What is the hundred thousands digit of 593259?
5
What is the millions digit of 2110042?
2
What is the units digit of 794912?
2
What is the ten thousands digit of 1509986?
0
What is the hundreds digit of 15773164?
1
What is the units digit of 1063671?
1
What is the hundred thousands digit of 1401102?
4
What is the ten thousands digit of 125290?
2
What is the tens digit of 121834?
3
What is the units digit of 163626?
6
What is the units digit of 7423185?
5
What is the hundreds digit of 6579776?
7
What is the tens digit of 232473?
7
What is the tens digit of 35730?
3
What is the thousands digit of 799206?
9
What is the hundreds digit of 955274?
2
What is the hundred thousands digit of 1304964?
3
What is the tens digit of 708284?
8
What is the ten millions digit of 12064042?
1
What is the thousands digit of 2818308?
8
What is the tens digit of 487404?
0
What is the tens digit of 4905361?
6
What is the units digit of 630199?
9
What is the hundreds digit of 5719452?
4
What is the ten thousands digit of 66503?
6
What is the hundreds digit of 2138936?
9
What is the hundreds digit of 1329162?
1
What is the ten thousands digit of 341628?
4
What is the ten thousands digit of 6999437?
9
What is the hundred thousands digit of 4204259?
2
What is the units digit of 305783?
3
What is the ten thousands digit of 1426103?
2
What is the tens digit of 1095070?
7
What is the ten thousands digit of 16971?
1
What is the thousands digit of 3671285?
1
What is the tens digit of 18603752?
5
What is the hundred thousands digit of 36583279?
5
What is the tens digit of 15539793?
9
What is the ten thousands digit of 7050257?
5
What is the units digit of 240110?
0
What is the hundred thousands digit of 1152302?
1
What is the hundreds digit of 453062?
0
What is the hundred thousands digit of 9468204?
4
What is the ten millions digit of 18585053?
1
What is the tens digit of 752363?
6
What is the tens digit of 29595?
9
What is the hundreds digit of 5692477?
4
What is the tens digit of 865617?
1
What is the hundreds digit of 270302?
3
What is the ten thousands digit of 476320?
7
What is the tens digit of 3410856?
5
What is the hundred thousands digit of 203659?
2
What is the units digit of 25187041?
1
What is the hundred thousands digit of 3123900?
1
What is the hundred thousands digit of 214582?
2
What is the ten thousands digit of 1375843?
7
What is the thousands digit of 7132158?
2
What is the thousands digit of 554832?
4
What is the hundreds digit of 3130299?
2
What is the ten thousands digit of 11671886?
7
What is the ten thousands digit of 5925072?
2
What is the thousands digit of 63312?
3
What is the units digit of 6466719?
9
What is the units digit of 124750?
0
What is the hundred thousands digit of 178728?
1
What is the ten thousands digit of 395896?
9
What is the units digit of 20497668?
8
What is the ten thousands digit of 338618?
3
What is the thousands digit of 644547?
4
What is the units digit of 15363?
3
What is the thousands digit of 2498908?
8
What is the hundreds digit of 26064?
0
What is the ten thousands digit of 811295?
1
What is the hundreds digit of 1954178?
1
What is the units digit of 11030166?
6
What is the thousands digit of 179172?
9
What is the tens digit of 1257317?
1
What is the hundreds digit of 8083?
0
What is the millions digit of 5225684?
5
What is the hundred thousands digit of 3330586?
3
What is the ten thousands digit of 621498?
2
What is the hundreds digit of 184044?
0
What is the tens digit of 7327?
2
What is the ten thousands digit of 991971?
9
What is the thousands digit of 43732?
3
What is the ten thousands digit of 236590?
3
What is the hundred thousands digit of 1881764?
8
What is the ten thousands digit of 1327401?
2
What is the units digit of 804557?
7
What is the millions digit of 1235642?
1
What is the units digit of 170626?
6
What is the thousands digit of 2935354?
5
What is the hundreds digit of 6570109?
1
What is the hundreds digit of 383745?
7
What is the hundred thousands digit of 3495395?
4
What is the millions digit of 6717367?
6
What is the hundred thousands digit of 171503?
1
What is the ten thousands digit of 306531?
0
What is the thousands digit of 6979522?
9
What is the thousands digit of 797306?
7
What is the millions digit of 1937169?
1
What is the hundreds digit of 209761?
7
What is the ten thousands digit of 4593103?
9
What is the tens digit of 32481?
8
What is the hundreds digit of 379163?
1
What is the units digit of 344960?
0
What is the tens digit of 1604417?
1
What is the thousands digit of 456028?
6
What is the units digit of 1915960?
0
What is the hundreds digit of 505980?
9
What is the thousands digit of 61820?
1
What is the hundreds digit of 1766573?
5
What is the thousands digit of 553390?
3
What is the units digit of 17025342?
2
What is the hundreds digit of 14783364?
3
What is the ten thousands digit of 634244?
3
What is the ten thousands digit of 63180?
6
What is the hundred thousands digit of 379362?
3
What is the ten thousands digit of 238555?
3
What is the tens digit of 2069424?
2
What is the hundred thousands digit of 11835009?
8
What is the hundred thousands digit of 722628?
7
What is the thousands digit of 531894?
1
What is the millions digit of 5762093?
5
What is the ten millions digit of 1